{"id":183,"date":"2024-05-07T13:13:03","date_gmt":"2024-05-07T11:13:03","guid":{"rendered":"https:\/\/www.rockarena.sk\/?post_type=product&#038;p=183"},"modified":"2026-03-28T23:28:12","modified_gmt":"2026-03-28T22:28:12","slug":"banjo-band-ivana-mladka-nashledanou","status":"publish","type":"product","link":"https:\/\/www.rockarena.sk\/?product=banjo-band-ivana-mladka-nashledanou","title":{"rendered":"Banjo Band Ivana Ml\u00e1dka \u2013 Nashledanou!"},"content":{"rendered":"<h3><strong>Info<\/strong><\/h3>\n<p><strong>\u017d\u00e1ner:<\/strong> <a href=\"https:\/\/www.mediamarkett.sk\/product-tag\/jazz\/\">Jazz<\/a><\/p>\n<p><strong>Rok vydania:<\/strong> 1977<\/p>\n<p><strong>Vydavate\u013e:<\/strong> Panton<\/p>\n<h3><strong>Stav<\/strong><\/h3>\n<p><strong>Obal:<\/strong> Good minus<\/p>\n<p><strong>Doska:<\/strong> Excellent<\/p>\n<h3>Track List<\/h3>\n<table class=\"tracklist\">\n<tbody>\n<tr>\n<td>A1<\/td>\n<td>Jo\u017ein Z Ba\u017ein<\/td>\n<\/tr>\n<tr>\n<td>A2<\/td>\n<td>M\u00edval Jsem Klobouk<\/td>\n<\/tr>\n<tr>\n<td>A3<\/td>\n<td>\u010cern\u00e1 Hodinka<\/td>\n<\/tr>\n<tr>\n<td>A4<\/td>\n<td>\u0160vagr M\u00e1 Bagr<\/td>\n<\/tr>\n<tr>\n<td>A5<\/td>\n<td>Zmalovan\u00e1<\/td>\n<\/tr>\n<tr>\n<td>A6<\/td>\n<td>D\u00edvka S Dol\u00ed\u010dky<\/td>\n<\/tr>\n<tr>\n<td>A7<\/td>\n<td>Hl\u00e1sn\u00e1 T\u0159eb\u00e1\u0148<\/td>\n<\/tr>\n<tr>\n<td>A8<\/td>\n<td>Kam S N\u00edm<\/td>\n<\/tr>\n<tr>\n<td>B1<\/td>\n<td>Koukejte Vycouvat<\/td>\n<\/tr>\n<tr>\n<td>B2<\/td>\n<td>Blues Klade\u010de Lina<\/td>\n<\/tr>\n<tr>\n<td>B3<\/td>\n<td>Prachovsk\u00e9 Sk\u00e1ly<\/td>\n<\/tr>\n<tr>\n<td>B4<\/td>\n<td>D\u017e\u00ednov\u00fd Velorex<\/td>\n<\/tr>\n<tr>\n<td>B5<\/td>\n<td>Harmonik\u00e1\u0159sk\u00e1<\/td>\n<\/tr>\n<tr>\n<td>B6<\/td>\n<td>Kr\u00e1va V Ml\u00e9k\u00e1rn\u011b<\/td>\n<\/tr>\n<tr>\n<td>B7<\/td>\n<td>Pravdomluvn\u00e9 V\u00edno<\/td>\n<\/tr>\n<tr>\n<td>B8<\/td>\n<td>Brno Je Zlat\u00e1 Lo\u010f<\/td>\n<\/tr>\n<\/tbody>\n<\/table>\n","protected":false},"excerpt":{"rendered":"<p>Info \u017d\u00e1ner: Jazz Rok vydania: 1977 Vydavate\u013e: Panton Stav Obal: Good minus Doska: Excellent Track List A1 Jo\u017ein Z Ba\u017ein A2 M\u00edval Jsem Klobouk A3 \u010cern\u00e1 Hodinka A4 \u0160vagr M\u00e1 Bagr A5 Zmalovan\u00e1 A6 D\u00edvka S Dol\u00ed\u010dky A7 Hl\u00e1sn\u00e1 T\u0159eb\u00e1\u0148 A8 Kam S N\u00edm B1 Koukejte Vycouvat B2 Blues Klade\u010de Lina B3 Prachovsk\u00e9 Sk\u00e1ly B4 [&hellip;]<\/p>\n","protected":false},"featured_media":332,"comment_status":"open","ping_status":"closed","template":"","meta":[],"product_brand":[],"product_cat":[20],"product_tag":[67,68],"class_list":{"0":"post-183","1":"product","2":"type-product","3":"status-publish","4":"has-post-thumbnail","6":"product_cat-platne-bazar","7":"product_tag-banjo-band-ivana-mladka","8":"product_tag-jazz","9":"product_shipping_class-platne","11":"first","12":"outofstock","13":"sale","14":"sold-individually","15":"shipping-taxable","16":"purchasable","17":"product-type-simple"},"yoast_head":"<!-- This site is optimized with the Yoast SEO plugin v26.9 - https:\/\/yoast.com\/product\/yoast-seo-wordpress\/ -->\n<title>Banjo Band Ivana Ml\u00e1dka \u2013 Nashledanou! - RockArena - Fan web<\/title>\n<meta name=\"robots\" content=\"index, follow, max-snippet:-1, max-image-preview:large, max-video-preview:-1\" \/>\n<link rel=\"canonical\" href=\"https:\/\/www.rockarena.sk\/?product=banjo-band-ivana-mladka-nashledanou\" \/>\n<meta property=\"og:locale\" content=\"sk_SK\" \/>\n<meta property=\"og:type\" content=\"article\" \/>\n<meta property=\"og:title\" content=\"Banjo Band Ivana Ml\u00e1dka \u2013 Nashledanou! - RockArena - Fan web\" \/>\n<meta property=\"og:description\" content=\"Info \u017d\u00e1ner: Jazz Rok vydania: 1977 Vydavate\u013e: Panton Stav Obal: Good minus Doska: Excellent Track List A1 Jo\u017ein Z Ba\u017ein A2 M\u00edval Jsem Klobouk A3 \u010cern\u00e1 Hodinka A4 \u0160vagr M\u00e1 Bagr A5 Zmalovan\u00e1 A6 D\u00edvka S Dol\u00ed\u010dky A7 Hl\u00e1sn\u00e1 T\u0159eb\u00e1\u0148 A8 Kam S N\u00edm B1 Koukejte Vycouvat B2 Blues Klade\u010de Lina B3 Prachovsk\u00e9 Sk\u00e1ly B4 [&hellip;]\" \/>\n<meta property=\"og:url\" content=\"https:\/\/www.rockarena.sk\/?product=banjo-band-ivana-mladka-nashledanou\" \/>\n<meta property=\"og:site_name\" content=\"RockArena - Fan web\" \/>\n<meta property=\"article:modified_time\" content=\"2026-03-28T22:28:12+00:00\" \/>\n<meta name=\"twitter:card\" content=\"summary_large_image\" \/>\n<script type=\"application\/ld+json\" class=\"yoast-schema-graph\">{\"@context\":\"https:\/\/schema.org\",\"@graph\":[{\"@type\":\"WebPage\",\"@id\":\"https:\/\/www.rockarena.sk\/?product=banjo-band-ivana-mladka-nashledanou\",\"url\":\"https:\/\/www.rockarena.sk\/?product=banjo-band-ivana-mladka-nashledanou\",\"name\":\"Banjo Band Ivana Ml\u00e1dka \u2013 Nashledanou! - RockArena - Fan web\",\"isPartOf\":{\"@id\":\"https:\/\/www.rockarena.sk\/#website\"},\"primaryImageOfPage\":{\"@id\":\"https:\/\/www.rockarena.sk\/?product=banjo-band-ivana-mladka-nashledanou#primaryimage\"},\"image\":{\"@id\":\"https:\/\/www.rockarena.sk\/?product=banjo-band-ivana-mladka-nashledanou#primaryimage\"},\"thumbnailUrl\":\"https:\/\/www.rockarena.sk\/wp-content\/uploads\/2024\/05\/Banjo-Band-Ivana-Mladka-\u2013-Nashledanou-obal-pred.jpeg\",\"datePublished\":\"2024-05-07T11:13:03+00:00\",\"dateModified\":\"2026-03-28T22:28:12+00:00\",\"breadcrumb\":{\"@id\":\"https:\/\/www.rockarena.sk\/?product=banjo-band-ivana-mladka-nashledanou#breadcrumb\"},\"inLanguage\":\"sk-SK\",\"potentialAction\":[{\"@type\":\"ReadAction\",\"target\":[\"https:\/\/www.rockarena.sk\/?product=banjo-band-ivana-mladka-nashledanou\"]}]},{\"@type\":\"ImageObject\",\"inLanguage\":\"sk-SK\",\"@id\":\"https:\/\/www.rockarena.sk\/?product=banjo-band-ivana-mladka-nashledanou#primaryimage\",\"url\":\"https:\/\/www.rockarena.sk\/wp-content\/uploads\/2024\/05\/Banjo-Band-Ivana-Mladka-\u2013-Nashledanou-obal-pred.jpeg\",\"contentUrl\":\"https:\/\/www.rockarena.sk\/wp-content\/uploads\/2024\/05\/Banjo-Band-Ivana-Mladka-\u2013-Nashledanou-obal-pred.jpeg\",\"width\":708,\"height\":702},{\"@type\":\"BreadcrumbList\",\"@id\":\"https:\/\/www.rockarena.sk\/?product=banjo-band-ivana-mladka-nashledanou#breadcrumb\",\"itemListElement\":[{\"@type\":\"ListItem\",\"position\":1,\"name\":\"Domovsk\u00e1 str\u00e1nka\",\"item\":\"https:\/\/www.rockarena.sk\/\"},{\"@type\":\"ListItem\",\"position\":2,\"name\":\"Obchod\",\"item\":\"https:\/\/www.rockarena.sk\/\"},{\"@type\":\"ListItem\",\"position\":3,\"name\":\"Banjo Band Ivana Ml\u00e1dka \u2013 Nashledanou!\"}]},{\"@type\":\"WebSite\",\"@id\":\"https:\/\/www.rockarena.sk\/#website\",\"url\":\"https:\/\/www.rockarena.sk\/\",\"name\":\"RockArena - Fan web\",\"description\":\"Online baz\u00e1r LP platn\u00ed a hifi techniky\",\"publisher\":{\"@id\":\"https:\/\/www.rockarena.sk\/#organization\"},\"potentialAction\":[{\"@type\":\"SearchAction\",\"target\":{\"@type\":\"EntryPoint\",\"urlTemplate\":\"https:\/\/www.rockarena.sk\/?s={search_term_string}\"},\"query-input\":{\"@type\":\"PropertyValueSpecification\",\"valueRequired\":true,\"valueName\":\"search_term_string\"}}],\"inLanguage\":\"sk-SK\"},{\"@type\":\"Organization\",\"@id\":\"https:\/\/www.rockarena.sk\/#organization\",\"name\":\"RockArena - Fan web\",\"url\":\"https:\/\/www.rockarena.sk\/\",\"logo\":{\"@type\":\"ImageObject\",\"inLanguage\":\"sk-SK\",\"@id\":\"https:\/\/www.rockarena.sk\/#\/schema\/logo\/image\/\",\"url\":\"https:\/\/www.rockarena.sk\/wp-content\/uploads\/2024\/09\/cropped-rockarena-logo.png\",\"contentUrl\":\"https:\/\/www.rockarena.sk\/wp-content\/uploads\/2024\/09\/cropped-rockarena-logo.png\",\"width\":500,\"height\":500,\"caption\":\"RockArena - Fan web\"},\"image\":{\"@id\":\"https:\/\/www.rockarena.sk\/#\/schema\/logo\/image\/\"}}]}<\/script>\n<!-- \/ Yoast SEO plugin. -->","yoast_head_json":{"title":"Banjo Band Ivana Ml\u00e1dka \u2013 Nashledanou! - RockArena - Fan web","robots":{"index":"index","follow":"follow","max-snippet":"max-snippet:-1","max-image-preview":"max-image-preview:large","max-video-preview":"max-video-preview:-1"},"canonical":"https:\/\/www.rockarena.sk\/?product=banjo-band-ivana-mladka-nashledanou","og_locale":"sk_SK","og_type":"article","og_title":"Banjo Band Ivana Ml\u00e1dka \u2013 Nashledanou! - RockArena - Fan web","og_description":"Info \u017d\u00e1ner: Jazz Rok vydania: 1977 Vydavate\u013e: Panton Stav Obal: Good minus Doska: Excellent Track List A1 Jo\u017ein Z Ba\u017ein A2 M\u00edval Jsem Klobouk A3 \u010cern\u00e1 Hodinka A4 \u0160vagr M\u00e1 Bagr A5 Zmalovan\u00e1 A6 D\u00edvka S Dol\u00ed\u010dky A7 Hl\u00e1sn\u00e1 T\u0159eb\u00e1\u0148 A8 Kam S N\u00edm B1 Koukejte Vycouvat B2 Blues Klade\u010de Lina B3 Prachovsk\u00e9 Sk\u00e1ly B4 [&hellip;]","og_url":"https:\/\/www.rockarena.sk\/?product=banjo-band-ivana-mladka-nashledanou","og_site_name":"RockArena - Fan web","article_modified_time":"2026-03-28T22:28:12+00:00","twitter_card":"summary_large_image","schema":{"@context":"https:\/\/schema.org","@graph":[{"@type":"WebPage","@id":"https:\/\/www.rockarena.sk\/?product=banjo-band-ivana-mladka-nashledanou","url":"https:\/\/www.rockarena.sk\/?product=banjo-band-ivana-mladka-nashledanou","name":"Banjo Band Ivana Ml\u00e1dka \u2013 Nashledanou! - RockArena - Fan web","isPartOf":{"@id":"https:\/\/www.rockarena.sk\/#website"},"primaryImageOfPage":{"@id":"https:\/\/www.rockarena.sk\/?product=banjo-band-ivana-mladka-nashledanou#primaryimage"},"image":{"@id":"https:\/\/www.rockarena.sk\/?product=banjo-band-ivana-mladka-nashledanou#primaryimage"},"thumbnailUrl":"https:\/\/www.rockarena.sk\/wp-content\/uploads\/2024\/05\/Banjo-Band-Ivana-Mladka-\u2013-Nashledanou-obal-pred.jpeg","datePublished":"2024-05-07T11:13:03+00:00","dateModified":"2026-03-28T22:28:12+00:00","breadcrumb":{"@id":"https:\/\/www.rockarena.sk\/?product=banjo-band-ivana-mladka-nashledanou#breadcrumb"},"inLanguage":"sk-SK","potentialAction":[{"@type":"ReadAction","target":["https:\/\/www.rockarena.sk\/?product=banjo-band-ivana-mladka-nashledanou"]}]},{"@type":"ImageObject","inLanguage":"sk-SK","@id":"https:\/\/www.rockarena.sk\/?product=banjo-band-ivana-mladka-nashledanou#primaryimage","url":"https:\/\/www.rockarena.sk\/wp-content\/uploads\/2024\/05\/Banjo-Band-Ivana-Mladka-\u2013-Nashledanou-obal-pred.jpeg","contentUrl":"https:\/\/www.rockarena.sk\/wp-content\/uploads\/2024\/05\/Banjo-Band-Ivana-Mladka-\u2013-Nashledanou-obal-pred.jpeg","width":708,"height":702},{"@type":"BreadcrumbList","@id":"https:\/\/www.rockarena.sk\/?product=banjo-band-ivana-mladka-nashledanou#breadcrumb","itemListElement":[{"@type":"ListItem","position":1,"name":"Domovsk\u00e1 str\u00e1nka","item":"https:\/\/www.rockarena.sk\/"},{"@type":"ListItem","position":2,"name":"Obchod","item":"https:\/\/www.rockarena.sk\/"},{"@type":"ListItem","position":3,"name":"Banjo Band Ivana Ml\u00e1dka \u2013 Nashledanou!"}]},{"@type":"WebSite","@id":"https:\/\/www.rockarena.sk\/#website","url":"https:\/\/www.rockarena.sk\/","name":"RockArena - Fan web","description":"Online baz\u00e1r LP platn\u00ed a hifi techniky","publisher":{"@id":"https:\/\/www.rockarena.sk\/#organization"},"potentialAction":[{"@type":"SearchAction","target":{"@type":"EntryPoint","urlTemplate":"https:\/\/www.rockarena.sk\/?s={search_term_string}"},"query-input":{"@type":"PropertyValueSpecification","valueRequired":true,"valueName":"search_term_string"}}],"inLanguage":"sk-SK"},{"@type":"Organization","@id":"https:\/\/www.rockarena.sk\/#organization","name":"RockArena - Fan web","url":"https:\/\/www.rockarena.sk\/","logo":{"@type":"ImageObject","inLanguage":"sk-SK","@id":"https:\/\/www.rockarena.sk\/#\/schema\/logo\/image\/","url":"https:\/\/www.rockarena.sk\/wp-content\/uploads\/2024\/09\/cropped-rockarena-logo.png","contentUrl":"https:\/\/www.rockarena.sk\/wp-content\/uploads\/2024\/09\/cropped-rockarena-logo.png","width":500,"height":500,"caption":"RockArena - Fan web"},"image":{"@id":"https:\/\/www.rockarena.sk\/#\/schema\/logo\/image\/"}}]}},"_links":{"self":[{"href":"https:\/\/www.rockarena.sk\/index.php?rest_route=\/wp\/v2\/product\/183","targetHints":{"allow":["GET"]}}],"collection":[{"href":"https:\/\/www.rockarena.sk\/index.php?rest_route=\/wp\/v2\/product"}],"about":[{"href":"https:\/\/www.rockarena.sk\/index.php?rest_route=\/wp\/v2\/types\/product"}],"replies":[{"embeddable":true,"href":"https:\/\/www.rockarena.sk\/index.php?rest_route=%2Fwp%2Fv2%2Fcomments&post=183"}],"wp:featuredmedia":[{"embeddable":true,"href":"https:\/\/www.rockarena.sk\/index.php?rest_route=\/wp\/v2\/media\/332"}],"wp:attachment":[{"href":"https:\/\/www.rockarena.sk\/index.php?rest_route=%2Fwp%2Fv2%2Fmedia&parent=183"}],"wp:term":[{"taxonomy":"product_brand","embeddable":true,"href":"https:\/\/www.rockarena.sk\/index.php?rest_route=%2Fwp%2Fv2%2Fproduct_brand&post=183"},{"taxonomy":"product_cat","embeddable":true,"href":"https:\/\/www.rockarena.sk\/index.php?rest_route=%2Fwp%2Fv2%2Fproduct_cat&post=183"},{"taxonomy":"product_tag","embeddable":true,"href":"https:\/\/www.rockarena.sk\/index.php?rest_route=%2Fwp%2Fv2%2Fproduct_tag&post=183"}],"curies":[{"name":"wp","href":"https:\/\/api.w.org\/{rel}","templated":true}]}}