{"id":207,"date":"2024-05-07T13:13:29","date_gmt":"2024-05-07T11:13:29","guid":{"rendered":"https:\/\/www.rockarena.sk\/?post_type=product&#038;p=207"},"modified":"2025-05-25T22:26:13","modified_gmt":"2025-05-25T20:26:13","slug":"citron-radegast","status":"publish","type":"product","link":"https:\/\/www.rockarena.sk\/?product=citron-radegast","title":{"rendered":"Citron \u2013 Radegast"},"content":{"rendered":"<h3><strong>Info<\/strong><\/h3>\n<p><strong>\u017d\u00e1ner:<\/strong> <a href=\"https:\/\/www.mediamarkett.sk\/product-tag\/rock\/\">Rock<\/a><\/p>\n<p><strong>Rok vydania:<\/strong> 1988<\/p>\n<p><strong>Vydavate\u013e:<\/strong> Supraphon<\/p>\n<h3><strong>Stav<\/strong><\/h3>\n<p><strong>Obal:<\/strong> Excellent<\/p>\n<p><strong>Doska:<\/strong> Mint<\/p>\n<h3>Track List<\/h3>\n<table class=\"tracklist\">\n<tbody>\n<tr>\n<td>A1<\/td>\n<td>Radegast I.<\/td>\n<\/tr>\n<tr>\n<td>A2<\/td>\n<td>Zase D\u00e1l<\/td>\n<\/tr>\n<tr>\n<td>A3<\/td>\n<td>Hon Na Bluda<\/td>\n<\/tr>\n<tr>\n<td>A4<\/td>\n<td>U\u017e Couv\u00e1m<\/td>\n<\/tr>\n<tr>\n<td>B1<\/td>\n<td>Setk\u00e1n\u00ed S Radochem<\/td>\n<\/tr>\n<tr>\n<td>B2<\/td>\n<td>U\u017e Zase Mi Sch\u00e1z\u00ed\u0161<\/td>\n<\/tr>\n<tr>\n<td>B3<\/td>\n<td>Moravsk\u00e1 D\u011bv\u010d\u00e1tka<\/td>\n<\/tr>\n<tr>\n<td>B4<\/td>\n<td>Vala\u0161sk\u00fd Rok<\/td>\n<\/tr>\n<tr>\n<td>B5<\/td>\n<td>Radegast II.<\/td>\n<\/tr>\n<\/tbody>\n<\/table>\n","protected":false},"excerpt":{"rendered":"<p>Info \u017d\u00e1ner: Rock Rok vydania: 1988 Vydavate\u013e: Supraphon Stav Obal: Excellent Doska: Mint Track List A1 Radegast I. A2 Zase D\u00e1l A3 Hon Na Bluda A4 U\u017e Couv\u00e1m B1 Setk\u00e1n\u00ed S Radochem B2 U\u017e Zase Mi Sch\u00e1z\u00ed\u0161 B3 Moravsk\u00e1 D\u011bv\u010d\u00e1tka B4 Vala\u0161sk\u00fd Rok B5 Radegast II.<\/p>\n","protected":false},"featured_media":348,"comment_status":"open","ping_status":"closed","template":"","meta":[],"product_brand":[],"product_cat":[20],"product_tag":[72,32],"class_list":{"0":"post-207","1":"product","2":"type-product","3":"status-publish","4":"has-post-thumbnail","6":"product_cat-platne-bazar","7":"product_tag-citron","8":"product_tag-rock","9":"product_shipping_class-platne","11":"first","12":"outofstock","13":"sale","14":"sold-individually","15":"shipping-taxable","16":"purchasable","17":"product-type-simple"},"yoast_head":"<!-- This site is optimized with the Yoast SEO plugin v26.9 - https:\/\/yoast.com\/product\/yoast-seo-wordpress\/ -->\n<title>Citron \u2013 Radegast - RockArena - Fan web<\/title>\n<meta name=\"robots\" content=\"index, follow, max-snippet:-1, max-image-preview:large, max-video-preview:-1\" \/>\n<link rel=\"canonical\" href=\"https:\/\/www.rockarena.sk\/?product=citron-radegast\" \/>\n<meta property=\"og:locale\" content=\"sk_SK\" \/>\n<meta property=\"og:type\" content=\"article\" \/>\n<meta property=\"og:title\" content=\"Citron \u2013 Radegast - RockArena - Fan web\" \/>\n<meta property=\"og:description\" content=\"Info \u017d\u00e1ner: Rock Rok vydania: 1988 Vydavate\u013e: Supraphon Stav Obal: Excellent Doska: Mint Track List A1 Radegast I. A2 Zase D\u00e1l A3 Hon Na Bluda A4 U\u017e Couv\u00e1m B1 Setk\u00e1n\u00ed S Radochem B2 U\u017e Zase Mi Sch\u00e1z\u00ed\u0161 B3 Moravsk\u00e1 D\u011bv\u010d\u00e1tka B4 Vala\u0161sk\u00fd Rok B5 Radegast II.\" \/>\n<meta property=\"og:url\" content=\"https:\/\/www.rockarena.sk\/?product=citron-radegast\" \/>\n<meta property=\"og:site_name\" content=\"RockArena - Fan web\" \/>\n<meta property=\"article:modified_time\" content=\"2025-05-25T20:26:13+00:00\" \/>\n<meta name=\"twitter:card\" content=\"summary_large_image\" \/>\n<script type=\"application\/ld+json\" class=\"yoast-schema-graph\">{\"@context\":\"https:\/\/schema.org\",\"@graph\":[{\"@type\":\"WebPage\",\"@id\":\"https:\/\/www.rockarena.sk\/?product=citron-radegast\",\"url\":\"https:\/\/www.rockarena.sk\/?product=citron-radegast\",\"name\":\"Citron \u2013 Radegast - RockArena - Fan web\",\"isPartOf\":{\"@id\":\"https:\/\/www.rockarena.sk\/#website\"},\"primaryImageOfPage\":{\"@id\":\"https:\/\/www.rockarena.sk\/?product=citron-radegast#primaryimage\"},\"image\":{\"@id\":\"https:\/\/www.rockarena.sk\/?product=citron-radegast#primaryimage\"},\"thumbnailUrl\":\"https:\/\/www.rockarena.sk\/wp-content\/uploads\/2024\/05\/Citron-\u2013-Radegast-obal-pred.jpeg\",\"datePublished\":\"2024-05-07T11:13:29+00:00\",\"dateModified\":\"2025-05-25T20:26:13+00:00\",\"breadcrumb\":{\"@id\":\"https:\/\/www.rockarena.sk\/?product=citron-radegast#breadcrumb\"},\"inLanguage\":\"sk-SK\",\"potentialAction\":[{\"@type\":\"ReadAction\",\"target\":[\"https:\/\/www.rockarena.sk\/?product=citron-radegast\"]}]},{\"@type\":\"ImageObject\",\"inLanguage\":\"sk-SK\",\"@id\":\"https:\/\/www.rockarena.sk\/?product=citron-radegast#primaryimage\",\"url\":\"https:\/\/www.rockarena.sk\/wp-content\/uploads\/2024\/05\/Citron-\u2013-Radegast-obal-pred.jpeg\",\"contentUrl\":\"https:\/\/www.rockarena.sk\/wp-content\/uploads\/2024\/05\/Citron-\u2013-Radegast-obal-pred.jpeg\",\"width\":717,\"height\":719},{\"@type\":\"BreadcrumbList\",\"@id\":\"https:\/\/www.rockarena.sk\/?product=citron-radegast#breadcrumb\",\"itemListElement\":[{\"@type\":\"ListItem\",\"position\":1,\"name\":\"Domovsk\u00e1 str\u00e1nka\",\"item\":\"https:\/\/www.rockarena.sk\/\"},{\"@type\":\"ListItem\",\"position\":2,\"name\":\"Obchod\",\"item\":\"https:\/\/www.rockarena.sk\/\"},{\"@type\":\"ListItem\",\"position\":3,\"name\":\"Citron \u2013 Radegast\"}]},{\"@type\":\"WebSite\",\"@id\":\"https:\/\/www.rockarena.sk\/#website\",\"url\":\"https:\/\/www.rockarena.sk\/\",\"name\":\"RockArena - Fan web\",\"description\":\"Online baz\u00e1r LP platn\u00ed a hifi techniky\",\"publisher\":{\"@id\":\"https:\/\/www.rockarena.sk\/#organization\"},\"potentialAction\":[{\"@type\":\"SearchAction\",\"target\":{\"@type\":\"EntryPoint\",\"urlTemplate\":\"https:\/\/www.rockarena.sk\/?s={search_term_string}\"},\"query-input\":{\"@type\":\"PropertyValueSpecification\",\"valueRequired\":true,\"valueName\":\"search_term_string\"}}],\"inLanguage\":\"sk-SK\"},{\"@type\":\"Organization\",\"@id\":\"https:\/\/www.rockarena.sk\/#organization\",\"name\":\"RockArena - Fan web\",\"url\":\"https:\/\/www.rockarena.sk\/\",\"logo\":{\"@type\":\"ImageObject\",\"inLanguage\":\"sk-SK\",\"@id\":\"https:\/\/www.rockarena.sk\/#\/schema\/logo\/image\/\",\"url\":\"https:\/\/www.rockarena.sk\/wp-content\/uploads\/2024\/09\/cropped-rockarena-logo.png\",\"contentUrl\":\"https:\/\/www.rockarena.sk\/wp-content\/uploads\/2024\/09\/cropped-rockarena-logo.png\",\"width\":500,\"height\":500,\"caption\":\"RockArena - Fan web\"},\"image\":{\"@id\":\"https:\/\/www.rockarena.sk\/#\/schema\/logo\/image\/\"}}]}<\/script>\n<!-- \/ Yoast SEO plugin. -->","yoast_head_json":{"title":"Citron \u2013 Radegast - RockArena - Fan web","robots":{"index":"index","follow":"follow","max-snippet":"max-snippet:-1","max-image-preview":"max-image-preview:large","max-video-preview":"max-video-preview:-1"},"canonical":"https:\/\/www.rockarena.sk\/?product=citron-radegast","og_locale":"sk_SK","og_type":"article","og_title":"Citron \u2013 Radegast - RockArena - Fan web","og_description":"Info \u017d\u00e1ner: Rock Rok vydania: 1988 Vydavate\u013e: Supraphon Stav Obal: Excellent Doska: Mint Track List A1 Radegast I. A2 Zase D\u00e1l A3 Hon Na Bluda A4 U\u017e Couv\u00e1m B1 Setk\u00e1n\u00ed S Radochem B2 U\u017e Zase Mi Sch\u00e1z\u00ed\u0161 B3 Moravsk\u00e1 D\u011bv\u010d\u00e1tka B4 Vala\u0161sk\u00fd Rok B5 Radegast II.","og_url":"https:\/\/www.rockarena.sk\/?product=citron-radegast","og_site_name":"RockArena - Fan web","article_modified_time":"2025-05-25T20:26:13+00:00","twitter_card":"summary_large_image","schema":{"@context":"https:\/\/schema.org","@graph":[{"@type":"WebPage","@id":"https:\/\/www.rockarena.sk\/?product=citron-radegast","url":"https:\/\/www.rockarena.sk\/?product=citron-radegast","name":"Citron \u2013 Radegast - RockArena - Fan web","isPartOf":{"@id":"https:\/\/www.rockarena.sk\/#website"},"primaryImageOfPage":{"@id":"https:\/\/www.rockarena.sk\/?product=citron-radegast#primaryimage"},"image":{"@id":"https:\/\/www.rockarena.sk\/?product=citron-radegast#primaryimage"},"thumbnailUrl":"https:\/\/www.rockarena.sk\/wp-content\/uploads\/2024\/05\/Citron-\u2013-Radegast-obal-pred.jpeg","datePublished":"2024-05-07T11:13:29+00:00","dateModified":"2025-05-25T20:26:13+00:00","breadcrumb":{"@id":"https:\/\/www.rockarena.sk\/?product=citron-radegast#breadcrumb"},"inLanguage":"sk-SK","potentialAction":[{"@type":"ReadAction","target":["https:\/\/www.rockarena.sk\/?product=citron-radegast"]}]},{"@type":"ImageObject","inLanguage":"sk-SK","@id":"https:\/\/www.rockarena.sk\/?product=citron-radegast#primaryimage","url":"https:\/\/www.rockarena.sk\/wp-content\/uploads\/2024\/05\/Citron-\u2013-Radegast-obal-pred.jpeg","contentUrl":"https:\/\/www.rockarena.sk\/wp-content\/uploads\/2024\/05\/Citron-\u2013-Radegast-obal-pred.jpeg","width":717,"height":719},{"@type":"BreadcrumbList","@id":"https:\/\/www.rockarena.sk\/?product=citron-radegast#breadcrumb","itemListElement":[{"@type":"ListItem","position":1,"name":"Domovsk\u00e1 str\u00e1nka","item":"https:\/\/www.rockarena.sk\/"},{"@type":"ListItem","position":2,"name":"Obchod","item":"https:\/\/www.rockarena.sk\/"},{"@type":"ListItem","position":3,"name":"Citron \u2013 Radegast"}]},{"@type":"WebSite","@id":"https:\/\/www.rockarena.sk\/#website","url":"https:\/\/www.rockarena.sk\/","name":"RockArena - Fan web","description":"Online baz\u00e1r LP platn\u00ed a hifi techniky","publisher":{"@id":"https:\/\/www.rockarena.sk\/#organization"},"potentialAction":[{"@type":"SearchAction","target":{"@type":"EntryPoint","urlTemplate":"https:\/\/www.rockarena.sk\/?s={search_term_string}"},"query-input":{"@type":"PropertyValueSpecification","valueRequired":true,"valueName":"search_term_string"}}],"inLanguage":"sk-SK"},{"@type":"Organization","@id":"https:\/\/www.rockarena.sk\/#organization","name":"RockArena - Fan web","url":"https:\/\/www.rockarena.sk\/","logo":{"@type":"ImageObject","inLanguage":"sk-SK","@id":"https:\/\/www.rockarena.sk\/#\/schema\/logo\/image\/","url":"https:\/\/www.rockarena.sk\/wp-content\/uploads\/2024\/09\/cropped-rockarena-logo.png","contentUrl":"https:\/\/www.rockarena.sk\/wp-content\/uploads\/2024\/09\/cropped-rockarena-logo.png","width":500,"height":500,"caption":"RockArena - Fan web"},"image":{"@id":"https:\/\/www.rockarena.sk\/#\/schema\/logo\/image\/"}}]}},"_links":{"self":[{"href":"https:\/\/www.rockarena.sk\/index.php?rest_route=\/wp\/v2\/product\/207","targetHints":{"allow":["GET"]}}],"collection":[{"href":"https:\/\/www.rockarena.sk\/index.php?rest_route=\/wp\/v2\/product"}],"about":[{"href":"https:\/\/www.rockarena.sk\/index.php?rest_route=\/wp\/v2\/types\/product"}],"replies":[{"embeddable":true,"href":"https:\/\/www.rockarena.sk\/index.php?rest_route=%2Fwp%2Fv2%2Fcomments&post=207"}],"wp:featuredmedia":[{"embeddable":true,"href":"https:\/\/www.rockarena.sk\/index.php?rest_route=\/wp\/v2\/media\/348"}],"wp:attachment":[{"href":"https:\/\/www.rockarena.sk\/index.php?rest_route=%2Fwp%2Fv2%2Fmedia&parent=207"}],"wp:term":[{"taxonomy":"product_brand","embeddable":true,"href":"https:\/\/www.rockarena.sk\/index.php?rest_route=%2Fwp%2Fv2%2Fproduct_brand&post=207"},{"taxonomy":"product_cat","embeddable":true,"href":"https:\/\/www.rockarena.sk\/index.php?rest_route=%2Fwp%2Fv2%2Fproduct_cat&post=207"},{"taxonomy":"product_tag","embeddable":true,"href":"https:\/\/www.rockarena.sk\/index.php?rest_route=%2Fwp%2Fv2%2Fproduct_tag&post=207"}],"curies":[{"name":"wp","href":"https:\/\/api.w.org\/{rel}","templated":true}]}}