{"id":307,"date":"2024-05-07T13:15:09","date_gmt":"2024-05-07T11:15:09","guid":{"rendered":"https:\/\/www.rockarena.sk\/?post_type=product&#038;p=307"},"modified":"2024-05-07T13:17:42","modified_gmt":"2024-05-07T11:17:42","slug":"karel-kryl-rakovina","status":"publish","type":"product","link":"https:\/\/www.rockarena.sk\/?product=karel-kryl-rakovina","title":{"rendered":"Karel Kryl \u2013 Rakovina"},"content":{"rendered":"<h3><strong>Info<\/strong><\/h3>\n<p><strong>\u017d\u00e1ner:<\/strong> <a href=\"https:\/\/www.mediamarkett.sk\/product-tag\/folk\/\">Folk<\/a><\/p>\n<p><strong>Rok vydania:<\/strong> 1969<\/p>\n<p><strong>Vydavate\u013e:<\/strong> Bonton<\/p>\n<h3><strong>Stav<\/strong><\/h3>\n<p><strong>Obal:<\/strong> Excellent<\/p>\n<p><strong>Doska:<\/strong> Mint<\/p>\n<h3>Track List<\/h3>\n<table class=\"tracklist\">\n<tbody>\n<tr>\n<td>A1<\/td>\n<td>Rakovina<\/td>\n<\/tr>\n<tr>\n<td>A2<\/td>\n<td>Marat Ve Van\u011b<\/td>\n<\/tr>\n<tr>\n<td>A3<\/td>\n<td>Tak Jenom Pojistit<\/td>\n<\/tr>\n<tr>\n<td>A4<\/td>\n<td>Hle, Jak Se Perou<\/td>\n<\/tr>\n<tr>\n<td>A5<\/td>\n<td>Hle, Jak Se Perou<\/td>\n<\/tr>\n<tr>\n<td>B1<\/td>\n<td>Pochod Gustapa<\/td>\n<\/tr>\n<tr>\n<td>B2<\/td>\n<td>Habet<\/td>\n<\/tr>\n<tr>\n<td>B3<\/td>\n<td>B\u00edl\u00e1 Hora<\/td>\n<\/tr>\n<tr>\n<td>B4<\/td>\n<td>Divn\u00fd Kn\u00ed\u017ee<\/td>\n<\/tr>\n<tr>\n<td>B5<\/td>\n<td>Tak V\u00e1s Tu M\u00e1me<\/td>\n<\/tr>\n<\/tbody>\n<\/table>\n","protected":false},"excerpt":{"rendered":"<p>Info \u017d\u00e1ner: Folk Rok vydania: 1969 Vydavate\u013e: Bonton Stav Obal: Excellent Doska: Mint Track List A1 Rakovina A2 Marat Ve Van\u011b A3 Tak Jenom Pojistit A4 Hle, Jak Se Perou A5 Hle, Jak Se Perou B1 Pochod Gustapa B2 Habet B3 B\u00edl\u00e1 Hora B4 Divn\u00fd Kn\u00ed\u017ee B5 Tak V\u00e1s Tu M\u00e1me<\/p>\n","protected":false},"featured_media":453,"comment_status":"open","ping_status":"closed","template":"","meta":[],"product_brand":[],"product_cat":[20],"product_tag":[23,94],"class_list":{"0":"post-307","1":"product","2":"type-product","3":"status-publish","4":"has-post-thumbnail","6":"product_cat-platne-bazar","7":"product_tag-folk","8":"product_tag-karel-kryl","9":"product_shipping_class-platne","11":"first","12":"instock","13":"sale","14":"sold-individually","15":"shipping-taxable","16":"purchasable","17":"product-type-simple"},"yoast_head":"<!-- This site is optimized with the Yoast SEO plugin v26.9 - https:\/\/yoast.com\/product\/yoast-seo-wordpress\/ -->\n<title>Karel Kryl \u2013 Rakovina - RockArena - Fan web<\/title>\n<meta name=\"robots\" content=\"index, follow, max-snippet:-1, max-image-preview:large, max-video-preview:-1\" \/>\n<link rel=\"canonical\" href=\"https:\/\/www.rockarena.sk\/?product=karel-kryl-rakovina\" \/>\n<meta property=\"og:locale\" content=\"sk_SK\" \/>\n<meta property=\"og:type\" content=\"article\" \/>\n<meta property=\"og:title\" content=\"Karel Kryl \u2013 Rakovina - RockArena - Fan web\" \/>\n<meta property=\"og:description\" content=\"Info \u017d\u00e1ner: Folk Rok vydania: 1969 Vydavate\u013e: Bonton Stav Obal: Excellent Doska: Mint Track List A1 Rakovina A2 Marat Ve Van\u011b A3 Tak Jenom Pojistit A4 Hle, Jak Se Perou A5 Hle, Jak Se Perou B1 Pochod Gustapa B2 Habet B3 B\u00edl\u00e1 Hora B4 Divn\u00fd Kn\u00ed\u017ee B5 Tak V\u00e1s Tu M\u00e1me\" \/>\n<meta property=\"og:url\" content=\"https:\/\/www.rockarena.sk\/?product=karel-kryl-rakovina\" \/>\n<meta property=\"og:site_name\" content=\"RockArena - Fan web\" \/>\n<meta property=\"article:modified_time\" content=\"2024-05-07T11:17:42+00:00\" \/>\n<meta name=\"twitter:card\" content=\"summary_large_image\" \/>\n<script type=\"application\/ld+json\" class=\"yoast-schema-graph\">{\"@context\":\"https:\/\/schema.org\",\"@graph\":[{\"@type\":\"WebPage\",\"@id\":\"https:\/\/www.rockarena.sk\/?product=karel-kryl-rakovina\",\"url\":\"https:\/\/www.rockarena.sk\/?product=karel-kryl-rakovina\",\"name\":\"Karel Kryl \u2013 Rakovina - RockArena - Fan web\",\"isPartOf\":{\"@id\":\"https:\/\/www.rockarena.sk\/#website\"},\"primaryImageOfPage\":{\"@id\":\"https:\/\/www.rockarena.sk\/?product=karel-kryl-rakovina#primaryimage\"},\"image\":{\"@id\":\"https:\/\/www.rockarena.sk\/?product=karel-kryl-rakovina#primaryimage\"},\"thumbnailUrl\":\"https:\/\/www.rockarena.sk\/wp-content\/uploads\/2024\/05\/Karel-Kryl-\u2013-Rakovina-obal-pred.jpeg\",\"datePublished\":\"2024-05-07T11:15:09+00:00\",\"dateModified\":\"2024-05-07T11:17:42+00:00\",\"breadcrumb\":{\"@id\":\"https:\/\/www.rockarena.sk\/?product=karel-kryl-rakovina#breadcrumb\"},\"inLanguage\":\"sk-SK\",\"potentialAction\":[{\"@type\":\"ReadAction\",\"target\":[\"https:\/\/www.rockarena.sk\/?product=karel-kryl-rakovina\"]}]},{\"@type\":\"ImageObject\",\"inLanguage\":\"sk-SK\",\"@id\":\"https:\/\/www.rockarena.sk\/?product=karel-kryl-rakovina#primaryimage\",\"url\":\"https:\/\/www.rockarena.sk\/wp-content\/uploads\/2024\/05\/Karel-Kryl-\u2013-Rakovina-obal-pred.jpeg\",\"contentUrl\":\"https:\/\/www.rockarena.sk\/wp-content\/uploads\/2024\/05\/Karel-Kryl-\u2013-Rakovina-obal-pred.jpeg\",\"width\":725,\"height\":736},{\"@type\":\"BreadcrumbList\",\"@id\":\"https:\/\/www.rockarena.sk\/?product=karel-kryl-rakovina#breadcrumb\",\"itemListElement\":[{\"@type\":\"ListItem\",\"position\":1,\"name\":\"Domovsk\u00e1 str\u00e1nka\",\"item\":\"https:\/\/www.rockarena.sk\/\"},{\"@type\":\"ListItem\",\"position\":2,\"name\":\"Obchod\",\"item\":\"https:\/\/www.rockarena.sk\/\"},{\"@type\":\"ListItem\",\"position\":3,\"name\":\"Karel Kryl \u2013 Rakovina\"}]},{\"@type\":\"WebSite\",\"@id\":\"https:\/\/www.rockarena.sk\/#website\",\"url\":\"https:\/\/www.rockarena.sk\/\",\"name\":\"RockArena - Fan web\",\"description\":\"Online baz\u00e1r LP platn\u00ed a hifi techniky\",\"publisher\":{\"@id\":\"https:\/\/www.rockarena.sk\/#organization\"},\"potentialAction\":[{\"@type\":\"SearchAction\",\"target\":{\"@type\":\"EntryPoint\",\"urlTemplate\":\"https:\/\/www.rockarena.sk\/?s={search_term_string}\"},\"query-input\":{\"@type\":\"PropertyValueSpecification\",\"valueRequired\":true,\"valueName\":\"search_term_string\"}}],\"inLanguage\":\"sk-SK\"},{\"@type\":\"Organization\",\"@id\":\"https:\/\/www.rockarena.sk\/#organization\",\"name\":\"RockArena - Fan web\",\"url\":\"https:\/\/www.rockarena.sk\/\",\"logo\":{\"@type\":\"ImageObject\",\"inLanguage\":\"sk-SK\",\"@id\":\"https:\/\/www.rockarena.sk\/#\/schema\/logo\/image\/\",\"url\":\"https:\/\/www.rockarena.sk\/wp-content\/uploads\/2024\/09\/cropped-rockarena-logo.png\",\"contentUrl\":\"https:\/\/www.rockarena.sk\/wp-content\/uploads\/2024\/09\/cropped-rockarena-logo.png\",\"width\":500,\"height\":500,\"caption\":\"RockArena - Fan web\"},\"image\":{\"@id\":\"https:\/\/www.rockarena.sk\/#\/schema\/logo\/image\/\"}}]}<\/script>\n<!-- \/ Yoast SEO plugin. -->","yoast_head_json":{"title":"Karel Kryl \u2013 Rakovina - RockArena - Fan web","robots":{"index":"index","follow":"follow","max-snippet":"max-snippet:-1","max-image-preview":"max-image-preview:large","max-video-preview":"max-video-preview:-1"},"canonical":"https:\/\/www.rockarena.sk\/?product=karel-kryl-rakovina","og_locale":"sk_SK","og_type":"article","og_title":"Karel Kryl \u2013 Rakovina - RockArena - Fan web","og_description":"Info \u017d\u00e1ner: Folk Rok vydania: 1969 Vydavate\u013e: Bonton Stav Obal: Excellent Doska: Mint Track List A1 Rakovina A2 Marat Ve Van\u011b A3 Tak Jenom Pojistit A4 Hle, Jak Se Perou A5 Hle, Jak Se Perou B1 Pochod Gustapa B2 Habet B3 B\u00edl\u00e1 Hora B4 Divn\u00fd Kn\u00ed\u017ee B5 Tak V\u00e1s Tu M\u00e1me","og_url":"https:\/\/www.rockarena.sk\/?product=karel-kryl-rakovina","og_site_name":"RockArena - Fan web","article_modified_time":"2024-05-07T11:17:42+00:00","twitter_card":"summary_large_image","schema":{"@context":"https:\/\/schema.org","@graph":[{"@type":"WebPage","@id":"https:\/\/www.rockarena.sk\/?product=karel-kryl-rakovina","url":"https:\/\/www.rockarena.sk\/?product=karel-kryl-rakovina","name":"Karel Kryl \u2013 Rakovina - RockArena - Fan web","isPartOf":{"@id":"https:\/\/www.rockarena.sk\/#website"},"primaryImageOfPage":{"@id":"https:\/\/www.rockarena.sk\/?product=karel-kryl-rakovina#primaryimage"},"image":{"@id":"https:\/\/www.rockarena.sk\/?product=karel-kryl-rakovina#primaryimage"},"thumbnailUrl":"https:\/\/www.rockarena.sk\/wp-content\/uploads\/2024\/05\/Karel-Kryl-\u2013-Rakovina-obal-pred.jpeg","datePublished":"2024-05-07T11:15:09+00:00","dateModified":"2024-05-07T11:17:42+00:00","breadcrumb":{"@id":"https:\/\/www.rockarena.sk\/?product=karel-kryl-rakovina#breadcrumb"},"inLanguage":"sk-SK","potentialAction":[{"@type":"ReadAction","target":["https:\/\/www.rockarena.sk\/?product=karel-kryl-rakovina"]}]},{"@type":"ImageObject","inLanguage":"sk-SK","@id":"https:\/\/www.rockarena.sk\/?product=karel-kryl-rakovina#primaryimage","url":"https:\/\/www.rockarena.sk\/wp-content\/uploads\/2024\/05\/Karel-Kryl-\u2013-Rakovina-obal-pred.jpeg","contentUrl":"https:\/\/www.rockarena.sk\/wp-content\/uploads\/2024\/05\/Karel-Kryl-\u2013-Rakovina-obal-pred.jpeg","width":725,"height":736},{"@type":"BreadcrumbList","@id":"https:\/\/www.rockarena.sk\/?product=karel-kryl-rakovina#breadcrumb","itemListElement":[{"@type":"ListItem","position":1,"name":"Domovsk\u00e1 str\u00e1nka","item":"https:\/\/www.rockarena.sk\/"},{"@type":"ListItem","position":2,"name":"Obchod","item":"https:\/\/www.rockarena.sk\/"},{"@type":"ListItem","position":3,"name":"Karel Kryl \u2013 Rakovina"}]},{"@type":"WebSite","@id":"https:\/\/www.rockarena.sk\/#website","url":"https:\/\/www.rockarena.sk\/","name":"RockArena - Fan web","description":"Online baz\u00e1r LP platn\u00ed a hifi techniky","publisher":{"@id":"https:\/\/www.rockarena.sk\/#organization"},"potentialAction":[{"@type":"SearchAction","target":{"@type":"EntryPoint","urlTemplate":"https:\/\/www.rockarena.sk\/?s={search_term_string}"},"query-input":{"@type":"PropertyValueSpecification","valueRequired":true,"valueName":"search_term_string"}}],"inLanguage":"sk-SK"},{"@type":"Organization","@id":"https:\/\/www.rockarena.sk\/#organization","name":"RockArena - Fan web","url":"https:\/\/www.rockarena.sk\/","logo":{"@type":"ImageObject","inLanguage":"sk-SK","@id":"https:\/\/www.rockarena.sk\/#\/schema\/logo\/image\/","url":"https:\/\/www.rockarena.sk\/wp-content\/uploads\/2024\/09\/cropped-rockarena-logo.png","contentUrl":"https:\/\/www.rockarena.sk\/wp-content\/uploads\/2024\/09\/cropped-rockarena-logo.png","width":500,"height":500,"caption":"RockArena - Fan web"},"image":{"@id":"https:\/\/www.rockarena.sk\/#\/schema\/logo\/image\/"}}]}},"_links":{"self":[{"href":"https:\/\/www.rockarena.sk\/index.php?rest_route=\/wp\/v2\/product\/307","targetHints":{"allow":["GET"]}}],"collection":[{"href":"https:\/\/www.rockarena.sk\/index.php?rest_route=\/wp\/v2\/product"}],"about":[{"href":"https:\/\/www.rockarena.sk\/index.php?rest_route=\/wp\/v2\/types\/product"}],"replies":[{"embeddable":true,"href":"https:\/\/www.rockarena.sk\/index.php?rest_route=%2Fwp%2Fv2%2Fcomments&post=307"}],"wp:featuredmedia":[{"embeddable":true,"href":"https:\/\/www.rockarena.sk\/index.php?rest_route=\/wp\/v2\/media\/453"}],"wp:attachment":[{"href":"https:\/\/www.rockarena.sk\/index.php?rest_route=%2Fwp%2Fv2%2Fmedia&parent=307"}],"wp:term":[{"taxonomy":"product_brand","embeddable":true,"href":"https:\/\/www.rockarena.sk\/index.php?rest_route=%2Fwp%2Fv2%2Fproduct_brand&post=307"},{"taxonomy":"product_cat","embeddable":true,"href":"https:\/\/www.rockarena.sk\/index.php?rest_route=%2Fwp%2Fv2%2Fproduct_cat&post=307"},{"taxonomy":"product_tag","embeddable":true,"href":"https:\/\/www.rockarena.sk\/index.php?rest_route=%2Fwp%2Fv2%2Fproduct_tag&post=307"}],"curies":[{"name":"wp","href":"https:\/\/api.w.org\/{rel}","templated":true}]}}