{"id":710,"date":"2024-09-13T12:00:06","date_gmt":"2024-09-13T10:00:06","guid":{"rendered":"https:\/\/www.rockarena.sk\/?post_type=product&#038;p=710"},"modified":"2024-09-13T12:02:17","modified_gmt":"2024-09-13T10:02:17","slug":"kef-q550","status":"publish","type":"product","link":"https:\/\/www.rockarena.sk\/?product=kef-q550","title":{"rendered":"KEF Q550"},"content":{"rendered":"<h5 id=\"ihb8wbs\" class=\"title-box kef-cms-accordion-title-box active\" data-highlightable=\"1\" data-expanded=\"false\"><strong>Specifications<\/strong><\/h5>\n<div id=\"iqs4occ\" class=\"contents-box kef-cms-accordion-contents-box\" data-highlightable=\"1\">\n<div id=\"it7y2v3\" class=\"contents cms_precision kef-cms-accordion-contents\" data-highlightable=\"1\">\n<div id=\"iyten6p\" class=\"cms_precision\" data-gjs-component=\"section\" data-gjs-selectable=\"\" data-gjs-removable=\"\" data-gjs-editable=\"\" data-highlightable=\"1\">\n<div id=\"ijza6n3\" class=\"basic_row cms_precision\" data-cms-component=\"basic_row\" data-highlightable=\"1\" data-column-number=\"3\" data-column-gutter=\"20\">\n<div id=\"iuxgt7n\" class=\"basic_column cms_precision\" data-highlightable=\"1\" data-column-type=\"true\">\n<div id=\"igye90p\" class=\"cms_precision\" data-gjs-component=\"section\" data-gjs-selectable=\"\" data-gjs-removable=\"\" data-gjs-editable=\"\" data-highlightable=\"1\">\n<div id=\"io3kr87\" class=\"cke_editable cke_editable_inline cke_contents_ltr cke_show_borders\" spellcheck=\"false\" data-highlightable=\"1\"><strong>Weight<\/strong><\/div>\n<div id=\"i9zuqf3\" class=\"cke_editable cke_editable_inline cke_contents_ltr cke_show_borders\" spellcheck=\"false\" data-highlightable=\"1\">14.5kg (32 lbs)<\/div>\n<\/div>\n<div id=\"iy4t2g1\" class=\"cms_precision\" data-gjs-component=\"section\" data-gjs-selectable=\"\" data-gjs-removable=\"\" data-gjs-editable=\"\" data-highlightable=\"1\">\n<div id=\"i76o49l\" class=\"cke_editable cke_editable_inline cke_contents_ltr cke_show_borders\" spellcheck=\"false\" data-highlightable=\"1\"><strong>Dimension (H x W x D)<\/strong><\/div>\n<div id=\"ih7qodk\" class=\"cke_editable cke_editable_inline cke_contents_ltr cke_show_borders\" spellcheck=\"false\" data-highlightable=\"1\">873 x 180 x 278 mm<br id=\"i9uzkk\" data-highlightable=\"1\" \/>926 x 299 x 310 mm (with Plinth)<\/div>\n<\/div>\n<div id=\"i400pdl\" class=\"cms_precision\" data-gjs-component=\"section\" data-gjs-selectable=\"\" data-gjs-removable=\"\" data-gjs-editable=\"\" data-highlightable=\"1\">\n<div id=\"iq42s8m\" class=\"cke_editable cke_editable_inline cke_contents_ltr cke_show_borders\" spellcheck=\"false\" data-highlightable=\"1\"><strong>Design<\/strong><\/div>\n<div id=\"ier2meg\" class=\"cke_editable cke_editable_inline cke_contents_ltr cke_show_borders\" spellcheck=\"false\" data-highlightable=\"1\">2,5-way bass reflex<\/div>\n<\/div>\n<div id=\"ica1n7j\" class=\"cms_precision\" data-gjs-component=\"section\" data-gjs-selectable=\"\" data-gjs-removable=\"\" data-gjs-editable=\"\" data-highlightable=\"1\">\n<div id=\"ikkogb3\" class=\"cke_editable cke_editable_inline cke_contents_ltr cke_show_borders\" spellcheck=\"false\" data-highlightable=\"1\"><strong>Unit Measurement<\/strong><\/div>\n<div id=\"icyvqkv\" class=\"cke_editable cke_editable_inline cke_contents_ltr cke_show_borders\" spellcheck=\"false\" data-highlightable=\"1\">Pair<\/div>\n<\/div>\n<div id=\"ip38hkl\" class=\"cms_precision\" data-gjs-component=\"section\" data-gjs-selectable=\"\" data-gjs-removable=\"\" data-gjs-editable=\"\" data-highlightable=\"1\">\n<div id=\"i76sp9z\" class=\"cke_editable cke_editable_inline cke_contents_ltr cke_show_borders\" spellcheck=\"false\" data-highlightable=\"1\"><strong>Sensitivity<\/strong><\/div>\n<div id=\"iiy9z7q\" class=\"cke_editable cke_editable_inline cke_contents_ltr cke_show_borders\" spellcheck=\"false\" data-highlightable=\"1\">87dB (2.83V\/1m)<\/div>\n<\/div>\n<\/div>\n<div id=\"i0xh66m\" class=\"basic_column cms_precision\" data-highlightable=\"1\" data-column-type=\"true\">\n<div id=\"i6mosse\" class=\"cms_precision\" data-gjs-component=\"section\" data-gjs-selectable=\"\" data-gjs-removable=\"\" data-gjs-editable=\"\" data-highlightable=\"1\">\n<div id=\"iqfcx4l\" class=\"cke_editable cke_editable_inline cke_contents_ltr cke_show_borders\" spellcheck=\"false\" data-highlightable=\"1\"><strong>Frequency Range Free Field<\/strong><\/div>\n<div id=\"ioy3au7\" class=\"cke_editable cke_editable_inline cke_contents_ltr cke_show_borders\" spellcheck=\"false\" data-highlightable=\"1\">45Hz (-6dB)<\/div>\n<\/div>\n<div id=\"i6w30uy\" class=\"cms_precision\" data-gjs-component=\"section\" data-gjs-selectable=\"\" data-gjs-removable=\"\" data-gjs-editable=\"\" data-highlightable=\"1\">\n<div id=\"i5s9r65\" class=\"cke_editable cke_editable_inline cke_contents_ltr cke_show_borders\" spellcheck=\"false\" data-highlightable=\"1\"><strong>Frequency Response<\/strong><\/div>\n<div id=\"ihbp8n3\" class=\"cke_editable cke_editable_inline cke_contents_ltr cke_show_borders\" spellcheck=\"false\" data-highlightable=\"1\">58Hz-28kHz (\u00b13dB)<\/div>\n<\/div>\n<div id=\"ijijyyz\" class=\"cms_precision\" data-gjs-component=\"section\" data-gjs-selectable=\"\" data-gjs-removable=\"\" data-gjs-editable=\"\" data-highlightable=\"1\">\n<div id=\"iuy74au\" class=\"cke_editable cke_editable_inline cke_contents_ltr cke_show_borders\" spellcheck=\"false\" data-highlightable=\"1\"><strong>Maximum Output<\/strong><\/div>\n<div id=\"irpdsgg\" class=\"cke_editable cke_editable_inline cke_contents_ltr cke_show_borders\" spellcheck=\"false\" data-highlightable=\"1\">110dB<\/div>\n<\/div>\n<div id=\"i80lcjf\" class=\"cms_precision\" data-gjs-component=\"section\" data-gjs-selectable=\"\" data-gjs-removable=\"\" data-gjs-editable=\"\" data-highlightable=\"1\">\n<div id=\"il1bf15\" class=\"cke_editable cke_editable_inline cke_contents_ltr cke_show_borders\" spellcheck=\"false\" data-highlightable=\"1\"><strong>Amplifier Requirements<\/strong><\/div>\n<div id=\"iub90hh\" class=\"cke_editable cke_editable_inline cke_contents_ltr cke_show_borders\" spellcheck=\"false\" data-highlightable=\"1\">15-130W<\/div>\n<\/div>\n<div id=\"iu85lmx\" class=\"cms_precision\" data-gjs-component=\"section\" data-gjs-selectable=\"\" data-gjs-removable=\"\" data-gjs-editable=\"\" data-highlightable=\"1\">\n<div id=\"iv2cycl\" class=\"cke_editable cke_editable_inline cke_contents_ltr cke_show_borders\" spellcheck=\"false\" data-highlightable=\"1\"><strong>Nominal Impedance<\/strong><\/div>\n<div id=\"in51u8s\" class=\"cke_editable cke_editable_inline cke_contents_ltr cke_show_borders\" spellcheck=\"false\" data-highlightable=\"1\">8 Ohms (min.3.5 Ohms)<\/div>\n<\/div>\n<\/div>\n<div id=\"i81n3yk\" class=\"basic_column cms_precision\" data-highlightable=\"1\" data-column-type=\"true\">\n<div id=\"ittkn66\" class=\"cms_precision\" data-gjs-component=\"section\" data-gjs-selectable=\"\" data-gjs-removable=\"\" data-gjs-editable=\"\" data-highlightable=\"1\">\n<div id=\"ilyqg67\" class=\"cke_editable cke_editable_inline cke_contents_ltr cke_show_borders\" spellcheck=\"false\" data-highlightable=\"1\"><strong>Drive Units<\/strong><\/div>\n<div id=\"i8fxgxv\" class=\"cke_editable cke_editable_inline cke_contents_ltr cke_show_borders\" spellcheck=\"false\" data-highlightable=\"1\">130mm (5.25in.) aluminium Uni-Q<br id=\"if7pyj\" data-highlightable=\"1\" \/>25mm (1in.)vented aluminium dome HF<br id=\"ipvx1l\" data-highlightable=\"1\" \/>130mm (5.25in.) aluminium LF<br id=\"i71tsb\" data-highlightable=\"1\" \/>2 x 130mm (5.25in.)aluminium ABR<\/div>\n<\/div>\n<div id=\"ipwvnqk\" class=\"cms_precision\" data-gjs-component=\"section\" data-gjs-selectable=\"\" data-gjs-removable=\"\" data-gjs-editable=\"\" data-highlightable=\"1\">\n<div id=\"il5i0ta\" class=\"cke_editable cke_editable_inline cke_contents_ltr cke_show_borders\" spellcheck=\"false\" data-highlightable=\"1\"><strong>Crossover Frequencies<\/strong><\/div>\n<div id=\"iwfmise\" class=\"cke_editable cke_editable_inline cke_contents_ltr cke_show_borders\" spellcheck=\"false\" data-highlightable=\"1\">2.5kHz<\/div>\n<\/div>\n<\/div>\n<\/div>\n<\/div>\n<\/div>\n<\/div>\n","protected":false},"excerpt":{"rendered":"<p>Specifications Weight 14.5kg (32 lbs) Dimension (H x W x D) 873 x 180 x 278 mm926 x 299 x 310 mm (with Plinth) Design 2,5-way bass reflex Unit Measurement Pair Sensitivity 87dB (2.83V\/1m) Frequency Range Free Field 45Hz (-6dB) Frequency Response 58Hz-28kHz (\u00b13dB) Maximum Output 110dB Amplifier Requirements 15-130W Nominal Impedance 8 Ohms (min.3.5 [&hellip;]<\/p>\n","protected":false},"featured_media":711,"comment_status":"open","ping_status":"closed","template":"","meta":[],"product_brand":[],"product_cat":[124],"product_tag":[125],"class_list":{"0":"post-710","1":"product","2":"type-product","3":"status-publish","4":"has-post-thumbnail","6":"product_cat-hifi-technika","7":"product_tag-hifi","9":"first","10":"instock","11":"shipping-taxable","12":"product-type-simple"},"yoast_head":"<!-- This site is optimized with the Yoast SEO plugin v26.9 - https:\/\/yoast.com\/product\/yoast-seo-wordpress\/ -->\n<title>KEF Q550 - RockArena - Fan web<\/title>\n<meta name=\"robots\" content=\"index, follow, max-snippet:-1, max-image-preview:large, max-video-preview:-1\" \/>\n<link rel=\"canonical\" href=\"https:\/\/www.rockarena.sk\/?product=kef-q550\" \/>\n<meta property=\"og:locale\" content=\"sk_SK\" \/>\n<meta property=\"og:type\" content=\"article\" \/>\n<meta property=\"og:title\" content=\"KEF Q550 - RockArena - Fan web\" \/>\n<meta property=\"og:description\" content=\"Specifications Weight 14.5kg (32 lbs) Dimension (H x W x D) 873 x 180 x 278 mm926 x 299 x 310 mm (with Plinth) Design 2,5-way bass reflex Unit Measurement Pair Sensitivity 87dB (2.83V\/1m) Frequency Range Free Field 45Hz (-6dB) Frequency Response 58Hz-28kHz (\u00b13dB) Maximum Output 110dB Amplifier Requirements 15-130W Nominal Impedance 8 Ohms (min.3.5 [&hellip;]\" \/>\n<meta property=\"og:url\" content=\"https:\/\/www.rockarena.sk\/?product=kef-q550\" \/>\n<meta property=\"og:site_name\" content=\"RockArena - Fan web\" \/>\n<meta property=\"article:modified_time\" content=\"2024-09-13T10:02:17+00:00\" \/>\n<meta property=\"og:image\" content=\"https:\/\/www.rockarena.sk\/wp-content\/uploads\/2024\/09\/WhatsApp-Image-2024-09-13-at-09.42.41_fe54e886.jpg\" \/>\n\t<meta property=\"og:image:width\" content=\"1200\" \/>\n\t<meta property=\"og:image:height\" content=\"1600\" \/>\n\t<meta property=\"og:image:type\" content=\"image\/jpeg\" \/>\n<meta name=\"twitter:card\" content=\"summary_large_image\" \/>\n<meta name=\"twitter:label1\" content=\"Predpokladan\u00fd \u010das \u010d\u00edtania\" \/>\n\t<meta name=\"twitter:data1\" content=\"1 min\u00fata\" \/>\n<script type=\"application\/ld+json\" class=\"yoast-schema-graph\">{\"@context\":\"https:\/\/schema.org\",\"@graph\":[{\"@type\":\"WebPage\",\"@id\":\"https:\/\/www.rockarena.sk\/?product=kef-q550\",\"url\":\"https:\/\/www.rockarena.sk\/?product=kef-q550\",\"name\":\"KEF Q550 - RockArena - Fan web\",\"isPartOf\":{\"@id\":\"https:\/\/www.rockarena.sk\/#website\"},\"primaryImageOfPage\":{\"@id\":\"https:\/\/www.rockarena.sk\/?product=kef-q550#primaryimage\"},\"image\":{\"@id\":\"https:\/\/www.rockarena.sk\/?product=kef-q550#primaryimage\"},\"thumbnailUrl\":\"https:\/\/www.rockarena.sk\/wp-content\/uploads\/2024\/09\/WhatsApp-Image-2024-09-13-at-09.42.41_fe54e886.jpg\",\"datePublished\":\"2024-09-13T10:00:06+00:00\",\"dateModified\":\"2024-09-13T10:02:17+00:00\",\"breadcrumb\":{\"@id\":\"https:\/\/www.rockarena.sk\/?product=kef-q550#breadcrumb\"},\"inLanguage\":\"sk-SK\",\"potentialAction\":[{\"@type\":\"ReadAction\",\"target\":[\"https:\/\/www.rockarena.sk\/?product=kef-q550\"]}]},{\"@type\":\"ImageObject\",\"inLanguage\":\"sk-SK\",\"@id\":\"https:\/\/www.rockarena.sk\/?product=kef-q550#primaryimage\",\"url\":\"https:\/\/www.rockarena.sk\/wp-content\/uploads\/2024\/09\/WhatsApp-Image-2024-09-13-at-09.42.41_fe54e886.jpg\",\"contentUrl\":\"https:\/\/www.rockarena.sk\/wp-content\/uploads\/2024\/09\/WhatsApp-Image-2024-09-13-at-09.42.41_fe54e886.jpg\",\"width\":1200,\"height\":1600},{\"@type\":\"BreadcrumbList\",\"@id\":\"https:\/\/www.rockarena.sk\/?product=kef-q550#breadcrumb\",\"itemListElement\":[{\"@type\":\"ListItem\",\"position\":1,\"name\":\"Domovsk\u00e1 str\u00e1nka\",\"item\":\"https:\/\/www.rockarena.sk\/\"},{\"@type\":\"ListItem\",\"position\":2,\"name\":\"Obchod\",\"item\":\"https:\/\/www.rockarena.sk\/\"},{\"@type\":\"ListItem\",\"position\":3,\"name\":\"KEF Q550\"}]},{\"@type\":\"WebSite\",\"@id\":\"https:\/\/www.rockarena.sk\/#website\",\"url\":\"https:\/\/www.rockarena.sk\/\",\"name\":\"RockArena - Fan web\",\"description\":\"Online baz\u00e1r LP platn\u00ed a hifi techniky\",\"publisher\":{\"@id\":\"https:\/\/www.rockarena.sk\/#organization\"},\"potentialAction\":[{\"@type\":\"SearchAction\",\"target\":{\"@type\":\"EntryPoint\",\"urlTemplate\":\"https:\/\/www.rockarena.sk\/?s={search_term_string}\"},\"query-input\":{\"@type\":\"PropertyValueSpecification\",\"valueRequired\":true,\"valueName\":\"search_term_string\"}}],\"inLanguage\":\"sk-SK\"},{\"@type\":\"Organization\",\"@id\":\"https:\/\/www.rockarena.sk\/#organization\",\"name\":\"RockArena - Fan web\",\"url\":\"https:\/\/www.rockarena.sk\/\",\"logo\":{\"@type\":\"ImageObject\",\"inLanguage\":\"sk-SK\",\"@id\":\"https:\/\/www.rockarena.sk\/#\/schema\/logo\/image\/\",\"url\":\"https:\/\/www.rockarena.sk\/wp-content\/uploads\/2024\/09\/cropped-rockarena-logo.png\",\"contentUrl\":\"https:\/\/www.rockarena.sk\/wp-content\/uploads\/2024\/09\/cropped-rockarena-logo.png\",\"width\":500,\"height\":500,\"caption\":\"RockArena - Fan web\"},\"image\":{\"@id\":\"https:\/\/www.rockarena.sk\/#\/schema\/logo\/image\/\"}}]}<\/script>\n<!-- \/ Yoast SEO plugin. -->","yoast_head_json":{"title":"KEF Q550 - RockArena - Fan web","robots":{"index":"index","follow":"follow","max-snippet":"max-snippet:-1","max-image-preview":"max-image-preview:large","max-video-preview":"max-video-preview:-1"},"canonical":"https:\/\/www.rockarena.sk\/?product=kef-q550","og_locale":"sk_SK","og_type":"article","og_title":"KEF Q550 - RockArena - Fan web","og_description":"Specifications Weight 14.5kg (32 lbs) Dimension (H x W x D) 873 x 180 x 278 mm926 x 299 x 310 mm (with Plinth) Design 2,5-way bass reflex Unit Measurement Pair Sensitivity 87dB (2.83V\/1m) Frequency Range Free Field 45Hz (-6dB) Frequency Response 58Hz-28kHz (\u00b13dB) Maximum Output 110dB Amplifier Requirements 15-130W Nominal Impedance 8 Ohms (min.3.5 [&hellip;]","og_url":"https:\/\/www.rockarena.sk\/?product=kef-q550","og_site_name":"RockArena - Fan web","article_modified_time":"2024-09-13T10:02:17+00:00","og_image":[{"width":1200,"height":1600,"url":"https:\/\/www.rockarena.sk\/wp-content\/uploads\/2024\/09\/WhatsApp-Image-2024-09-13-at-09.42.41_fe54e886.jpg","type":"image\/jpeg"}],"twitter_card":"summary_large_image","twitter_misc":{"Predpokladan\u00fd \u010das \u010d\u00edtania":"1 min\u00fata"},"schema":{"@context":"https:\/\/schema.org","@graph":[{"@type":"WebPage","@id":"https:\/\/www.rockarena.sk\/?product=kef-q550","url":"https:\/\/www.rockarena.sk\/?product=kef-q550","name":"KEF Q550 - RockArena - Fan web","isPartOf":{"@id":"https:\/\/www.rockarena.sk\/#website"},"primaryImageOfPage":{"@id":"https:\/\/www.rockarena.sk\/?product=kef-q550#primaryimage"},"image":{"@id":"https:\/\/www.rockarena.sk\/?product=kef-q550#primaryimage"},"thumbnailUrl":"https:\/\/www.rockarena.sk\/wp-content\/uploads\/2024\/09\/WhatsApp-Image-2024-09-13-at-09.42.41_fe54e886.jpg","datePublished":"2024-09-13T10:00:06+00:00","dateModified":"2024-09-13T10:02:17+00:00","breadcrumb":{"@id":"https:\/\/www.rockarena.sk\/?product=kef-q550#breadcrumb"},"inLanguage":"sk-SK","potentialAction":[{"@type":"ReadAction","target":["https:\/\/www.rockarena.sk\/?product=kef-q550"]}]},{"@type":"ImageObject","inLanguage":"sk-SK","@id":"https:\/\/www.rockarena.sk\/?product=kef-q550#primaryimage","url":"https:\/\/www.rockarena.sk\/wp-content\/uploads\/2024\/09\/WhatsApp-Image-2024-09-13-at-09.42.41_fe54e886.jpg","contentUrl":"https:\/\/www.rockarena.sk\/wp-content\/uploads\/2024\/09\/WhatsApp-Image-2024-09-13-at-09.42.41_fe54e886.jpg","width":1200,"height":1600},{"@type":"BreadcrumbList","@id":"https:\/\/www.rockarena.sk\/?product=kef-q550#breadcrumb","itemListElement":[{"@type":"ListItem","position":1,"name":"Domovsk\u00e1 str\u00e1nka","item":"https:\/\/www.rockarena.sk\/"},{"@type":"ListItem","position":2,"name":"Obchod","item":"https:\/\/www.rockarena.sk\/"},{"@type":"ListItem","position":3,"name":"KEF Q550"}]},{"@type":"WebSite","@id":"https:\/\/www.rockarena.sk\/#website","url":"https:\/\/www.rockarena.sk\/","name":"RockArena - Fan web","description":"Online baz\u00e1r LP platn\u00ed a hifi techniky","publisher":{"@id":"https:\/\/www.rockarena.sk\/#organization"},"potentialAction":[{"@type":"SearchAction","target":{"@type":"EntryPoint","urlTemplate":"https:\/\/www.rockarena.sk\/?s={search_term_string}"},"query-input":{"@type":"PropertyValueSpecification","valueRequired":true,"valueName":"search_term_string"}}],"inLanguage":"sk-SK"},{"@type":"Organization","@id":"https:\/\/www.rockarena.sk\/#organization","name":"RockArena - Fan web","url":"https:\/\/www.rockarena.sk\/","logo":{"@type":"ImageObject","inLanguage":"sk-SK","@id":"https:\/\/www.rockarena.sk\/#\/schema\/logo\/image\/","url":"https:\/\/www.rockarena.sk\/wp-content\/uploads\/2024\/09\/cropped-rockarena-logo.png","contentUrl":"https:\/\/www.rockarena.sk\/wp-content\/uploads\/2024\/09\/cropped-rockarena-logo.png","width":500,"height":500,"caption":"RockArena - Fan web"},"image":{"@id":"https:\/\/www.rockarena.sk\/#\/schema\/logo\/image\/"}}]}},"_links":{"self":[{"href":"https:\/\/www.rockarena.sk\/index.php?rest_route=\/wp\/v2\/product\/710","targetHints":{"allow":["GET"]}}],"collection":[{"href":"https:\/\/www.rockarena.sk\/index.php?rest_route=\/wp\/v2\/product"}],"about":[{"href":"https:\/\/www.rockarena.sk\/index.php?rest_route=\/wp\/v2\/types\/product"}],"replies":[{"embeddable":true,"href":"https:\/\/www.rockarena.sk\/index.php?rest_route=%2Fwp%2Fv2%2Fcomments&post=710"}],"wp:featuredmedia":[{"embeddable":true,"href":"https:\/\/www.rockarena.sk\/index.php?rest_route=\/wp\/v2\/media\/711"}],"wp:attachment":[{"href":"https:\/\/www.rockarena.sk\/index.php?rest_route=%2Fwp%2Fv2%2Fmedia&parent=710"}],"wp:term":[{"taxonomy":"product_brand","embeddable":true,"href":"https:\/\/www.rockarena.sk\/index.php?rest_route=%2Fwp%2Fv2%2Fproduct_brand&post=710"},{"taxonomy":"product_cat","embeddable":true,"href":"https:\/\/www.rockarena.sk\/index.php?rest_route=%2Fwp%2Fv2%2Fproduct_cat&post=710"},{"taxonomy":"product_tag","embeddable":true,"href":"https:\/\/www.rockarena.sk\/index.php?rest_route=%2Fwp%2Fv2%2Fproduct_tag&post=710"}],"curies":[{"name":"wp","href":"https:\/\/api.w.org\/{rel}","templated":true}]}}